Let m be i(a). What is c(m)?
3
Let t(v) = -161*v + 73*v + 2*v**2 + 81*v + 14 + v**2 - 5*v**2. Give t(-5).
-1
Let q(l) = 3*l - 22. Suppose 48*y = 10*y + 14060. Let b be (-18)/(-10)*y/111 - -3. Calculate q(b).
5
Let c(y) = y**2 - 11*y. Let v = -74 - -82. Let l be c(v). Let k be ((-3)/l*4*0)/(-1). Let z(b) = b - 6. What is z(k)?
-6
Let l(t) = t**2 + 9*t + 2. Let o be l(-9). Let b = o + 2. Let w(y) = -y - 4. Calculate w(b).
-8
Let v(t) be the second derivative of -5/24*t**4 - 2/3*t**3 + 1/2*t**2 - t + 0. Let c(z) be the first derivative of v(z). Calculate c(-3).
11
Let o(g) = 7684 + 28*g - 3887 + g**2 - 3908. Calculate o(-31).
-18
Let c(x) = 4*x + 1. Let v(w) = w. Suppose -38*s + 21 = -31*s. Let m(n) = s*v(n) - c(n). What is m(-11)?
10
Let x(g) = -2*g + 34. Let d be (-8)/(-18) + 4560/432. Determine x(d).
12
Let l(n) = 24*n - 44. Let a(u) = -54*u + 84. Let r(c) = 3*a(c) + 7*l(c). Calculate r(8).
-8
Suppose 24*d + 26 = -22. Let n(i) = -4*i**2 + 4*i + 1. Let s(a) = -3*a**2 + 4*a + 1. Let k(b) = d*n(b) + 3*s(b). Give k(6).
-11
Let c be (15 + 2336/(-160))*(0 + 10). Let f(g) = -10*g + 39. Determine f(c).
-1
Let v(p) = -5*p**2 + 9*p**2 - 6 - p - 28520*p**3 - 8*p**2 + 28519*p**3. Give v(-4).
-2
Let w(p) = 20*p - 6 - 8 + p**2 - 38*p + 20*p. Let v be w(4). Let n(r) = -r**2 + 13*r - 21. Calculate n(v).
9
Let y(z) = -z**3 - 6*z**2 - 4*z + 7. Suppose 5*k - 2*l = 0, -k - 23 = 3*k + 3*l. Let b be k/((-12)/(-5) + 2/(-1)). What is y(b)?
2
Let h(p) be the third derivative of -p**5/60 - p**4/8 + 16*p**2 - p - 6. Determine h(-4).
-4
Let k(g) be the third derivative of g**5/30 - 17*g**3/6 + 2*g**2 + 40. Calculate k(0).
-17
Let x(u) = 22*u + 5 - 13 - 15*u - u**2. Suppose 3*h = 4*h + 3*t + 3, -2*h - 2*t = -2. Let w(b) = -b**2 + 7*b - 9. Let f(v) = h*w(v) - 4*x(v). Give f(6).
-1
Let s = -19152 - -19172. Let u(x) = 2*x**2 - 43*x - 16. Calculate u(s).
-76
Let p(u) = 2*u**3 + 3*u**2 - 11*u + 6. Suppose 382 = -75*o + 7. Determine p(o).
-114
Let i(k) be the second derivative of -k**4/3 - k**3/3 - 11*k**2/2 + 65*k. Let r(l) = -2*l**2 - l - 5. Let c(s) = 4*i(s) - 9*r(s). Give c(3).
22
Let v(h) be the second derivative of -1/20*h**5 - 164*h + 0*h**2 + 0 - 1/3*h**3 - 1/2*h**4. What is v(-6)?
12
Let i be ((-1)/3*3)/(8/(-3232)). Let l = -397 + i. Let r(q) = 2*q - 1. Calculate r(l).
13
Let w(r) = -2*r**3 - 42*r + 5523 - 2765 + r**3 - 14*r**2 - 2780. Calculate w(-10).
-2
Let v(w) = -w**2 + 22*w - 82. Suppose -3*m + 15*h = -15, 10 = 2*m - 13*h + 18*h. What is v(m)?
3
Let k = 231 - 229. Let i(b) be the second derivative of -16*b + 0*b**3 - k*b**2 + 1/20*b**5 + 1/2*b**4 + 0. What is i(-6)?
-4
Let d(i) = -10*i + 5. Suppose 2 = -3*p + 5. Let r be -6*15/10*p. Let a(z) = 19*z - 11. Let l(n) = r*d(n) - 4*a(n). What is l(1)?
13
Let w(i) = -3*i**2 + 3*i. Let s be 0 + ((-260)/(-39))/(1/6). Let q be ((-6)/(-9))/((-3)/171). Let k = s + q. Determine w(k).
-6
Let r(j) = -9*j + 2. Let a = -28 + 33. Suppose 4*i + a = 21. Let c(s) = s**2 - 5*s + 6. Let q be c(i). Calculate r(q).
-16
Let i(m) = 2*m + 1. Suppose -12*b - 11*b = -17 - 29. Determine i(b).
5
Let g(s) = 2*s + 7. Let c(y) = 2*y + 6. Let a(u) = 3*c(u) - 2*g(u). Let w(z) = 2*z**3 - 12*z**2 + 6*z - 41. Let l be w(6). Determine a(l).
-6
Let h be (-2)/(-1)*(4 + 5/(-2)). Let p(y) = y**h - 5*y + 700*y**2 - 2*y**3 - 705*y**2. Let m = 37 - 41. Calculate p(m).
4
Let g(s) = s**3 - 25*s**2 + 56*s - 219. Let q be g(23). Let h(o) = -9*o + 93. Give h(q).
-6
Let b(n) be the third derivative of n**5/60 + n**4/8 - 156*n**2 - 2*n + 55. Let k = 0 + -3. Calculate b(k).
0
Let y(w) = -2*w - 4. Let p be (6/21)/((-10)/(-210)). Let b be 1/(-3)*((-54)/p - 6). Let h(f) = 2*f**2 - 8*f - 6. Let m be h(b). Determine y(m).
-12
Let z = 7318 - 7320. Let d(j) = -j**3 - 2*j**2 - j - 5. Determine d(z).
-3
Let i(x) = -x**2. Let h(u) = 38*u + 79. Let d be h(-4). Let v be (-69 - d) + -8 + 1. Calculate i(v).
-9
Let z(m) be the first derivative of m**4/4 - 7*m**3 - 23*m**2 + 28*m + 2221. Determine z(23).
28
Let a(n) = 143 - 15*n**2 + 13*n**2 - 133 + 7*n + n**2. What is a(-2)?
-8
Let p(q) = 5*q - 1. Let g be p(1). Let o(d) be the third derivative of -43*d**2 + 0*d + 0 - 1/6*d**4 + 2/3*d**3. Give o(g).
-12
Let y(t) = t + 7. Let p(j) = -6*j - 40. Let n be p(-20). Suppose 3*h + 7*h = n. Suppose 4*o + 60 = -h*o. Give y(o).
2
Let i(c) = -53*c**3 - 22*c**2 + 4*c - 1. Let g(w) = 15*w**3 + 7*w**2 - w. Let l(a) = 7*g(a) + 2*i(a). What is l(5)?
3
Let o be (3 + (-14)/4)*0. Suppose -5*g + s + 15 = 0, o*g + 27 = g - 5*s. Let w(h) = 103*h**2 + 4 - h - 52*h**g - 52*h**2. What is w(-4)?
-8
Suppose 0 = 3*o + 4*q - 16, 4*o - 8 = 30*q - 32*q. Let g(z) = 2*z. Let m(l) = 3*l - 17. Let s(j) = -2*g(j) + m(j). Calculate s(o).
-17
Let b(c) = -3*c**2 - 61*c + 31. Let t(u) = -4*u**2 - 90*u + 30. Let n(m) = -3*b(m) + 2*t(m). Give n(-6).
-15
Let i(t) be the first derivative of 5*t**2/2 + 7*t - 360. Let x(j) = 2 + 2*j - 1 + 2. Let p(z) = 6*i(z) - 13*x(z). Calculate p(-3).
-9
Let d(r) = -2*r**3 + 13*r**2 - 6*r + 1. Let x(b) = 2*b**2 + 157*b + 809. Let y be x(-73). Calculate d(y).
1
Let m(r) be the second derivative of 1/2*r**2 - 1/2*r**3 + 0 + 280*r. Let b = 1 + -2. Calculate m(b).
4
Let n(t) = -2*t - 11 - 13 + t**2 - t + 29. Let i = 7221 - 7216. Determine n(i).
15
Let o(f) = f**2 - 1 - 3 - 3*f - 5. Let a(v) = -3*v**2 + 5*v + 19. Let c(h) = 2*a(h) + 5*o(h). Suppose 5*k + 156 = -z + 134, 4*k + 48 = 3*z. What is c(k)?
-13
Let o(w) = -5*w + 53. Let j(y) = 28*y**2 + 104*y - 19. Let d be j(-4). Calculate o(d).
-12
Let s be (-2*(-6)/(-20))/(27*(-36)/14580). Let y(v) = -v**3 + 9*v**2 + 3*v + 6. Let f(l) = 2*l**3 - 18*l**2 - 7*l - 11. Let m(o) = 3*f(o) + 7*y(o). Give m(s).
9
Let g(w) = -41*w**3 + 128*w**2 + 25*w + 13. Let i(t) = 13*t**3 - 40*t**2 - 8*t - 4. Let l(p) = -6*g(p) - 19*i(p). What is l(0)?
-2
Let h(b) = -535*b**3 + 536*b**3 + 0*b**2 + 9 - 6*b**2 - 8. Let c be (5 + 0)*(3 - 18). Let f be c/(-10) + (-3)/2. What is h(f)?
1
Let w(u) = u**3 + 9*u**2 - u - 8. Let n be w(-9). Let t(d) = -17*d + 2. What is t(n)?
-15
Let n(g) = g**2 - 15*g - 97. Let v be (3344/(-440))/((8/(-12))/((-5)/(-3))). Calculate n(v).
-21
Let l(n) = 501 + 9*n + 6*n - 16*n + 0*n - 485. Determine l(-5).
21
Let c = -484 - -529. Suppose -c + 63 = -18*o. Let z(t) = 2*t + 1. Calculate z(o).
-1
Let b be (1 - -1)*3/3. Let t(w) = -560*w**2 - 2*w + 5*w - 564*w**2 - 3 + 1683*w**2 - 560*w**2. What is t(b)?
-1
Suppose 7*b = -2*b - 3*b - 0*b. Let a(s) be the first derivative of -s**4/4 + s**3/3 - s**2/2 + 4*s - 2. Determine a(b).
4
Let o(r) = -r**3 - 7*r**2 + r - 13. Suppose -155*l - 270 - 162 = 653. Give o(l).
-20
Let v(w) = 2*w + 1. Let r be (-1)/(-3)*(7 - 10). Let i(o) be the first derivative of -11*o**2/2 - 11*o + 148. Let l(u) = r*i(u) - 6*v(u). Determine l(-6).
11
Let l be 2/((-4)/2) + -2. Let u(q) = -q**2 - q - 1. Let k(x) = -2*x - 2. Let a(m) = -m**2. Let p(j) = -2*a(j) - k(j). Let v(c) = p(c) + 3*u(c). Determine v(l).
-7
Let u(r) = -2*r + 16. Let i(v) = v**2 - 20*v - 14. Let f be i(21). Let b(d) = -d + 7. Let g(w) = f*b(w) - 3*u(w). Calculate g(10).
-9
Let k(n) = -n**2 + n - 14. Let x = 44 - 38. Let a(l) = -1. Let i(b) = x*a(b) - k(b). Suppose -4*y - j = -5, 4*y + 0 + 5 = j. Calculate i(y).
8
Let c(q) = q**3 - 5*q**2 - 4*q - 3. Suppose 3*t - 7 = m, 5*m - 7*t + 48 = -5*t. Let r be (4 + -6 - -4)*m/(-4). Give c(r).
-23
Let s(n) = -2 - 5*n + n**3 - 12*n**2 + 16*n**2 + 7*n**2 - 2*n**3 + 3*n**2. Give s(14).
-72
Let o(l) be the first derivative of -l**6/18 - 2*l**3 - l**2 - 74. Let v(u) be the third derivative of o(u). Determine v(1).
-20
Suppose 36*k - 6 = 42*k. Let x be -7 + (-6)/(k*(-1 + -1)). Let s(b) = -b**2 - 13*b. Give s(x).
30
Let m(n) = 24606*n**3 - 24607*n**3 + 2 + 2*n**2 - 6*n**2 + 2*n. Let l(g) = -2*g**2 + 3*g. Let w be l(2). Determine m(w).
-10
Suppose -4*d + 4*p + 64 = 0, 2*d - 5*p - 33 = -4*p. Let x(v) = 2 - 5 - d*v + 13*v + 2. Calculate x(3).
-13
Let c(t) = -2*t**2 + 52*t + 342. Let a(m) = -3*m**2 + 103*m + 679. Let r(z) = -3*a(z) + 5*c(z). Give r(-8).
1
Suppose 0 = -96*u + 101*u + 15. Let b be (u + 2 + -2 + 48)*1. Suppose 0 = 6*x - 15 + b. Let f(y) = -y**3 - 4*y**2 + 5*y + 3. Give f(x).
3
Let b(f) = 6*f - 86 - 6*f + 16*f + 3*f**2 + 111. Let o be b(-2). Let y(t) = -3*t + 3. What is y(o)?
-12
Suppose 0 = 32*t - 53 - 1163. Let c(q) = -q + 42